{"id":35492,"date":"2024-09-13T15:00:21","date_gmt":"2024-09-13T15:00:21","guid":{"rendered":"https:\/\/remenje.co.rs\/shop\/proizvod\/remenjeremenje-za-poljoprivredne-strojevevarijatorsko-remenjevarijatorsko-remenje-remenje-124\/"},"modified":"2025-01-14T21:57:54","modified_gmt":"2025-01-14T21:57:54","slug":"remenjeremenje-za-poljoprivredne-masinevarijatorsko-remenjevarijatorsko-remenje-remenje-410","status":"publish","type":"product","link":"https:\/\/remenje.co.rs\/shop\/proizvod\/remenjeremenje-za-poljoprivredne-masinevarijatorsko-remenjevarijatorsko-remenje-remenje-410\/","title":{"rendered":"Gates Remen varijator &#8211; pun klin 1813232"},"content":{"rendered":"<p>Osigurajte pouzdanu transmisiju va\u0161eg vozila uz Gates Remen varijator-pun klin 1813232. Ovo izdr\u017eljivo remenje je dizajnirano za efikasan prenos snage u sistemima sa kontinualno varijabilnom transmisijom (CVT). Izra\u0111eno od naprednih materijala, Gates Remen varijator-pun klin 1813232 pru\u017ea vrhunske performanse u razli\u010ditim radnim uslovima. Zahvaljuju\u0107i svojoj optimalnoj fleksibilnosti, ovo remenje produ\u017eava radni vek va\u0161eg CVT sistema. 20797491,6215215,0621 5215,089-000946-1.785,8,90009E+11,20797491\/03 1813232,1813232,6215215,0621 5215,20797491\/03,089-000946-1.785,20797491,890009461785,Gates Remen varijator &#8211; pun klin 1813232,1813232,6215215,0621 5215,20797491\/03,089-000946-1.785,20797491,890009461785,1813232,Gates Remen varijator &#8211; pun klin 1813232,1813232<\/p>\n","protected":false},"excerpt":{"rendered":"<p>Osigurajte pouzdanu transmisiju va\u0161eg vozila uz Gates Remen varijator-pun klin 1813232. Ovo izdr\u017eljivo remenje je dizajnirano za efikasan prenos snage u sistemima sa kontinualno varijabilnom transmisijom (CVT). Izra\u0111eno od naprednih materijala, Gates Remen varijator-pun klin 1813232 pru\u017ea vrhunske performanse u razli\u010ditim radnim uslovima. Zahvaljuju\u0107i svojoj optimalnoj fleksibilnosti, ovo remenje produ\u017eava radni vek va\u0161eg CVT sistema. [&hellip;]<\/p>\n","protected":false},"featured_media":0,"template":"","meta":{"_acf_changed":false},"product_brand":[],"product_cat":[373,381,374,388],"product_tag":[],"class_list":{"0":"post-35492","1":"product","2":"type-product","3":"status-publish","5":"product_cat-remenje","6":"product_cat-varijatorsko-remenje","7":"product_cat-remenje-za-poljoprivredne-masine","8":"product_cat-varijatorsko-remenje-remenje","9":"ts_product_brand-gates","11":"first","12":"instock","13":"taxable","14":"shipping-taxable","15":"product-type-simple","16":"add-to-wishlist-after_add_to_cart"},"acf":[],"_links":{"self":[{"href":"https:\/\/remenje.co.rs\/shop\/wp-json\/wp\/v2\/product\/35492","targetHints":{"allow":["GET"]}}],"collection":[{"href":"https:\/\/remenje.co.rs\/shop\/wp-json\/wp\/v2\/product"}],"about":[{"href":"https:\/\/remenje.co.rs\/shop\/wp-json\/wp\/v2\/types\/product"}],"wp:attachment":[{"href":"https:\/\/remenje.co.rs\/shop\/wp-json\/wp\/v2\/media?parent=35492"}],"wp:term":[{"taxonomy":"product_brand","embeddable":true,"href":"https:\/\/remenje.co.rs\/shop\/wp-json\/wp\/v2\/product_brand?post=35492"},{"taxonomy":"product_cat","embeddable":true,"href":"https:\/\/remenje.co.rs\/shop\/wp-json\/wp\/v2\/product_cat?post=35492"},{"taxonomy":"product_tag","embeddable":true,"href":"https:\/\/remenje.co.rs\/shop\/wp-json\/wp\/v2\/product_tag?post=35492"}],"curies":[{"name":"wp","href":"https:\/\/api.w.org\/{rel}","templated":true}]}}