{"id":35591,"date":"2024-09-13T15:01:39","date_gmt":"2024-09-13T15:01:39","guid":{"rendered":"https:\/\/remenje.co.rs\/shop\/proizvod\/remenjeremenje-za-poljoprivredne-strojeveklinasti-kaisklasicno-klinasto-remenje-60\/"},"modified":"2025-01-30T08:38:59","modified_gmt":"2025-01-30T08:38:59","slug":"remenjeremenje-za-poljoprivredne-masineklinasti-kaisklasicno-klinasto-remenje-130","status":"publish","type":"product","link":"https:\/\/remenje.co.rs\/shop\/proizvod\/remenjeremenje-za-poljoprivredne-masineklinasti-kaisklasicno-klinasto-remenje-130\/","title":{"rendered":"Gates Klinasti remen 0101087"},"content":{"rendered":"<p>Osigurajte pouzdan prenos snage va\u0161ih ma\u0161ina uz Gates Klinasti remen 0101087. Ovo visokokvalitetno remenje je dizajnirano za smanjenje proklizavanja u razli\u010ditim industrijskim aplikacijama. Izra\u0111eno od premium materijala, Gates Klinasti remen 0101087 pru\u017ea optimalnu fleksibilnost u zahtevnim radnim uslovima. Zahvaljuju\u0107i svom preciznoj izradi, ovo remenje pobolj\u0161ava efikasnost va\u0161ih ma\u0161ina i opreme. J892,855833,9672186,3639693M1,84058338,84058339,47613,669452M91,2614C145,620112M1,700855833,088-002215-3.106,402188M1,9672186A,33145A,8,80022E+11,088-002215-3.108 0101087,0101087,J892,47613,84058339,9672186A,402188M1,33145A,700855833,855833,9672186,3639693M1,84058338,088-002215-3.106,2614C145,880022153108,620112M1,669452M91,088-002215-3.108,880022153106,Gates Klinasti remen 0101087,0101087,J892,47613,84058339,9672186A,402188M1,33145A,700855833,855833,9672186,3639693M1,84058338,088-002215-3.106,2614C145,880022153108,620112M1,669452M91,088-002215-3.108,880022153106,0101087,Gates Klinasti remen 0101087,0101087<\/p>\n","protected":false},"excerpt":{"rendered":"<p>Osigurajte pouzdan prenos snage va\u0161ih ma\u0161ina uz Gates Klinasti remen 0101087. Ovo visokokvalitetno remenje je dizajnirano za smanjenje proklizavanja u razli\u010ditim industrijskim aplikacijama. Izra\u0111eno od premium materijala, Gates Klinasti remen 0101087 pru\u017ea optimalnu fleksibilnost u zahtevnim radnim uslovima. Zahvaljuju\u0107i svom preciznoj izradi, ovo remenje pobolj\u0161ava efikasnost va\u0161ih ma\u0161ina i opreme. J892,855833,9672186,3639693M1,84058338,84058339,47613,669452M91,2614C145,620112M1,700855833,088-002215-3.106,402188M1,9672186A,33145A,8,80022E+11,088-002215-3.108 0101087,0101087,J892,47613,84058339,9672186A,402188M1,33145A,700855833,855833,9672186,3639693M1,84058338,088-002215-3.106,2614C145,880022153108,620112M1,669452M91,088-002215-3.108,880022153106,Gates Klinasti remen 0101087,0101087,J892,47613,84058339,9672186A,402188M1,33145A,700855833,855833,9672186,3639693M1,84058338,088-002215-3.106,2614C145,880022153108,620112M1,669452M91,088-002215-3.108,880022153106,0101087,Gates [&hellip;]<\/p>\n","protected":false},"featured_media":92164,"template":"","meta":{"_acf_changed":false},"product_brand":[],"product_cat":[373,378,374,387],"product_tag":[],"class_list":{"0":"post-35591","1":"product","2":"type-product","3":"status-publish","4":"has-post-thumbnail","6":"product_cat-remenje","7":"product_cat-klinasti-kais","8":"product_cat-remenje-za-poljoprivredne-masine","9":"product_cat-klasicno-klinasto-remenje","10":"ts_product_brand-gates","12":"first","13":"instock","14":"taxable","15":"shipping-taxable","16":"product-type-simple","17":"add-to-wishlist-after_add_to_cart"},"acf":[],"_links":{"self":[{"href":"https:\/\/remenje.co.rs\/shop\/wp-json\/wp\/v2\/product\/35591","targetHints":{"allow":["GET"]}}],"collection":[{"href":"https:\/\/remenje.co.rs\/shop\/wp-json\/wp\/v2\/product"}],"about":[{"href":"https:\/\/remenje.co.rs\/shop\/wp-json\/wp\/v2\/types\/product"}],"wp:featuredmedia":[{"embeddable":true,"href":"https:\/\/remenje.co.rs\/shop\/wp-json\/wp\/v2\/media\/92164"}],"wp:attachment":[{"href":"https:\/\/remenje.co.rs\/shop\/wp-json\/wp\/v2\/media?parent=35591"}],"wp:term":[{"taxonomy":"product_brand","embeddable":true,"href":"https:\/\/remenje.co.rs\/shop\/wp-json\/wp\/v2\/product_brand?post=35591"},{"taxonomy":"product_cat","embeddable":true,"href":"https:\/\/remenje.co.rs\/shop\/wp-json\/wp\/v2\/product_cat?post=35591"},{"taxonomy":"product_tag","embeddable":true,"href":"https:\/\/remenje.co.rs\/shop\/wp-json\/wp\/v2\/product_tag?post=35591"}],"curies":[{"name":"wp","href":"https:\/\/api.w.org\/{rel}","templated":true}]}}