{"id":35610,"date":"2024-09-13T15:01:52","date_gmt":"2024-09-13T15:01:52","guid":{"rendered":"https:\/\/remenje.co.rs\/shop\/proizvod\/remenjeremenje-za-poljoprivredne-strojeveklinasti-kaisklasicno-klinasto-remenje-79\/"},"modified":"2025-01-30T08:39:00","modified_gmt":"2025-01-30T08:39:00","slug":"remenjeremenje-za-poljoprivredne-masineklinasti-kaisklasicno-klinasto-remenje-149","status":"publish","type":"product","link":"https:\/\/remenje.co.rs\/shop\/proizvod\/remenjeremenje-za-poljoprivredne-masineklinasti-kaisklasicno-klinasto-remenje-149\/","title":{"rendered":"Gates Klinasti remen 0102129"},"content":{"rendered":"<p>Unapredite pouzdanost rada va\u0161ih sistema uz Gates Klinasti remen 0102129. Ovo precizno izra\u0111eno remenje obezbe\u0111uje smanjenje gubitaka energije u \u0161irokom spektru industrijskih primena. Proizvedeno od izdr\u017eljivih materijala, Gates Klinasti remen 0102129 garantuje minimalno istezanje. Zbog svog visoke otpornosti na kidanje, ovo remenje je klju\u010dno za odr\u017eavanje rada va\u0161ih industrijskih sistema. 793094R1,842464M2,20002112,326298,80326298,817129M1,20093066,40745\/804,2201165,1483882M1,65AG99203011,P41508,AH96300,410958M1,920002112,793094R2 John Deere 6620,John Deere 6622,John Deere 7720,John Deere 8820 0102129,0102129,20093066,AH96300,326298,80326298,793094R1,817129M1,1483882M1,20002112,65AG99203011,2201165,40745\/804,793094R2,P41508,920002112,842464M2,410958M1,0102129,Gates Klinasti remen 0102129,20093066,AH96300,326298,80326298,793094R1,817129M1,1483882M1,20002112,65AG99203011,2201165,40745\/804,793094R2,P41508,920002112,842464M2,410958M1,0102129,Gates Klinasti remen 0102129,0102129<\/p>\n","protected":false},"excerpt":{"rendered":"<p>Unapredite pouzdanost rada va\u0161ih sistema uz Gates Klinasti remen 0102129. Ovo precizno izra\u0111eno remenje obezbe\u0111uje smanjenje gubitaka energije u \u0161irokom spektru industrijskih primena. Proizvedeno od izdr\u017eljivih materijala, Gates Klinasti remen 0102129 garantuje minimalno istezanje. Zbog svog visoke otpornosti na kidanje, ovo remenje je klju\u010dno za odr\u017eavanje rada va\u0161ih industrijskih sistema. 793094R1,842464M2,20002112,326298,80326298,817129M1,20093066,40745\/804,2201165,1483882M1,65AG99203011,P41508,AH96300,410958M1,920002112,793094R2 John Deere 6620,John Deere [&hellip;]<\/p>\n","protected":false},"featured_media":92204,"template":"","meta":{"_acf_changed":false},"product_brand":[],"product_cat":[373,378,374,387],"product_tag":[],"class_list":{"0":"post-35610","1":"product","2":"type-product","3":"status-publish","4":"has-post-thumbnail","6":"product_cat-remenje","7":"product_cat-klinasti-kais","8":"product_cat-remenje-za-poljoprivredne-masine","9":"product_cat-klasicno-klinasto-remenje","10":"ts_product_brand-gates","12":"first","13":"instock","14":"taxable","15":"shipping-taxable","16":"product-type-simple","17":"add-to-wishlist-after_add_to_cart"},"acf":[],"_links":{"self":[{"href":"https:\/\/remenje.co.rs\/shop\/wp-json\/wp\/v2\/product\/35610","targetHints":{"allow":["GET"]}}],"collection":[{"href":"https:\/\/remenje.co.rs\/shop\/wp-json\/wp\/v2\/product"}],"about":[{"href":"https:\/\/remenje.co.rs\/shop\/wp-json\/wp\/v2\/types\/product"}],"wp:featuredmedia":[{"embeddable":true,"href":"https:\/\/remenje.co.rs\/shop\/wp-json\/wp\/v2\/media\/92204"}],"wp:attachment":[{"href":"https:\/\/remenje.co.rs\/shop\/wp-json\/wp\/v2\/media?parent=35610"}],"wp:term":[{"taxonomy":"product_brand","embeddable":true,"href":"https:\/\/remenje.co.rs\/shop\/wp-json\/wp\/v2\/product_brand?post=35610"},{"taxonomy":"product_cat","embeddable":true,"href":"https:\/\/remenje.co.rs\/shop\/wp-json\/wp\/v2\/product_cat?post=35610"},{"taxonomy":"product_tag","embeddable":true,"href":"https:\/\/remenje.co.rs\/shop\/wp-json\/wp\/v2\/product_tag?post=35610"}],"curies":[{"name":"wp","href":"https:\/\/api.w.org\/{rel}","templated":true}]}}