{"id":35638,"date":"2024-09-13T15:02:13","date_gmt":"2024-09-13T15:02:13","guid":{"rendered":"https:\/\/remenje.co.rs\/shop\/proizvod\/remenjeremenje-za-poljoprivredne-strojeveklinasti-kaisklasicno-klinasto-remenje-107\/"},"modified":"2025-01-30T08:39:09","modified_gmt":"2025-01-30T08:39:09","slug":"remenjeremenje-za-poljoprivredne-masineklinasti-kaisklasicno-klinasto-remenje-177","status":"publish","type":"product","link":"https:\/\/remenje.co.rs\/shop\/proizvod\/remenjeremenje-za-poljoprivredne-masineklinasti-kaisklasicno-klinasto-remenje-177\/","title":{"rendered":"Gates Klinasti remen 0172220"},"content":{"rendered":"<p>Unapredite ukupne performanse va\u0161ih sistema uz Gates Klinasti remen 0172220. Ovo napredeno remenje obezbe\u0111uje smanjenje gubitaka energije u \u0161irokom spektru industrijskih primena. Proizvedeno od izdr\u017eljivih materijala, Gates Klinasti remen 0172220 garantuje minimalno istezanje. Zbog svog superiorne prilagodljivosti, ovo remenje je idealno za unapre\u0111enje rada va\u0161ih industrijskih sistema. 86514612,41997300,D-41997300,505995M2,160610A,501543A,501543,60206963,106990C1,7543020,G11233,A9628,51200857,6201327,9612805,434493A1,9612805A,272411,673947C1 0172220,0172220,501543A,86514612,41997300,505995M2,9612805,106990C1,272411,434493A1,9612805A,G11233,60206963,501543,160610A,6201327,51200857,7543020,D-41997300,A9628,673947C1,0172220,Gates Klinasti remen 0172220,501543A,86514612,41997300,505995M2,9612805,106990C1,272411,434493A1,9612805A,G11233,60206963,501543,160610A,6201327,51200857,7543020,D-41997300,A9628,673947C1,0172220,Gates Klinasti remen 0172220,0172220<\/p>\n","protected":false},"excerpt":{"rendered":"<p>Unapredite ukupne performanse va\u0161ih sistema uz Gates Klinasti remen 0172220. Ovo napredeno remenje obezbe\u0111uje smanjenje gubitaka energije u \u0161irokom spektru industrijskih primena. Proizvedeno od izdr\u017eljivih materijala, Gates Klinasti remen 0172220 garantuje minimalno istezanje. Zbog svog superiorne prilagodljivosti, ovo remenje je idealno za unapre\u0111enje rada va\u0161ih industrijskih sistema. 86514612,41997300,D-41997300,505995M2,160610A,501543A,501543,60206963,106990C1,7543020,G11233,A9628,51200857,6201327,9612805,434493A1,9612805A,272411,673947C1 0172220,0172220,501543A,86514612,41997300,505995M2,9612805,106990C1,272411,434493A1,9612805A,G11233,60206963,501543,160610A,6201327,51200857,7543020,D-41997300,A9628,673947C1,0172220,Gates Klinasti remen 0172220,501543A,86514612,41997300,505995M2,9612805,106990C1,272411,434493A1,9612805A,G11233,60206963,501543,160610A,6201327,51200857,7543020,D-41997300,A9628,673947C1,0172220,Gates Klinasti remen 0172220,0172220<\/p>\n","protected":false},"featured_media":92179,"template":"","meta":{"_acf_changed":false},"product_brand":[],"product_cat":[373,378,374,387],"product_tag":[],"class_list":{"0":"post-35638","1":"product","2":"type-product","3":"status-publish","4":"has-post-thumbnail","6":"product_cat-remenje","7":"product_cat-klinasti-kais","8":"product_cat-remenje-za-poljoprivredne-masine","9":"product_cat-klasicno-klinasto-remenje","10":"ts_product_brand-gates","12":"first","13":"instock","14":"taxable","15":"shipping-taxable","16":"product-type-simple","17":"add-to-wishlist-after_add_to_cart"},"acf":[],"_links":{"self":[{"href":"https:\/\/remenje.co.rs\/shop\/wp-json\/wp\/v2\/product\/35638","targetHints":{"allow":["GET"]}}],"collection":[{"href":"https:\/\/remenje.co.rs\/shop\/wp-json\/wp\/v2\/product"}],"about":[{"href":"https:\/\/remenje.co.rs\/shop\/wp-json\/wp\/v2\/types\/product"}],"wp:featuredmedia":[{"embeddable":true,"href":"https:\/\/remenje.co.rs\/shop\/wp-json\/wp\/v2\/media\/92179"}],"wp:attachment":[{"href":"https:\/\/remenje.co.rs\/shop\/wp-json\/wp\/v2\/media?parent=35638"}],"wp:term":[{"taxonomy":"product_brand","embeddable":true,"href":"https:\/\/remenje.co.rs\/shop\/wp-json\/wp\/v2\/product_brand?post=35638"},{"taxonomy":"product_cat","embeddable":true,"href":"https:\/\/remenje.co.rs\/shop\/wp-json\/wp\/v2\/product_cat?post=35638"},{"taxonomy":"product_tag","embeddable":true,"href":"https:\/\/remenje.co.rs\/shop\/wp-json\/wp\/v2\/product_tag?post=35638"}],"curies":[{"name":"wp","href":"https:\/\/api.w.org\/{rel}","templated":true}]}}