{"id":35732,"date":"2024-09-13T15:03:21","date_gmt":"2024-09-13T15:03:21","guid":{"rendered":"https:\/\/remenje.co.rs\/shop\/proizvod\/remenjeremenje-za-poljoprivredne-strojeveklinasti-kaisklasicno-klinasto-remenje-201\/"},"modified":"2025-01-14T22:01:13","modified_gmt":"2025-01-14T22:01:13","slug":"remenjeremenje-za-poljoprivredne-masineklinasti-kaisklasicno-klinasto-remenje-271","status":"publish","type":"product","link":"https:\/\/remenje.co.rs\/shop\/proizvod\/remenjeremenje-za-poljoprivredne-masineklinasti-kaisklasicno-klinasto-remenje-271\/","title":{"rendered":"Gates Klinasti remen 0100083"},"content":{"rendered":"<p>Unapredite efikasnost prenosa va\u0161ih sistema uz Gates Klinasti remen 0100083. Ovo precizno izra\u0111eno remenje obezbe\u0111uje efikasnu sinhronizaciju komponenti u \u0161irokom spektru industrijskih primena. Proizvedeno od inovativnih materijala, Gates Klinasti remen 0100083 garantuje dugotrajne performanse. Zbog svog visoke otpornosti na kidanje, ovo remenje je neophodno za odr\u017eavanje rada va\u0161ih industrijskih sistema. 821249.0,S0613116,340433129,613116,86514501A,E50973,N113642,86514501,1,17503E+11,976941M1,99201014 Massey Ferguson 16,Massey Ferguson 20 0100083,0100083,S0613116,86514501,86514501A,340433129,N113642,117502616000,613116,E50973,99201014,976941M1,821249.0,Gates Klinasti remen 0100083,0100083,S0613116,86514501,86514501A,340433129,N113642,117502616000,613116,E50973,99201014,976941M1,821249.0,0100083,Gates Klinasti remen 0100083,0100083<\/p>\n","protected":false},"excerpt":{"rendered":"<p>Unapredite efikasnost prenosa va\u0161ih sistema uz Gates Klinasti remen 0100083. Ovo precizno izra\u0111eno remenje obezbe\u0111uje efikasnu sinhronizaciju komponenti u \u0161irokom spektru industrijskih primena. Proizvedeno od inovativnih materijala, Gates Klinasti remen 0100083 garantuje dugotrajne performanse. Zbog svog visoke otpornosti na kidanje, ovo remenje je neophodno za odr\u017eavanje rada va\u0161ih industrijskih sistema. 821249.0,S0613116,340433129,613116,86514501A,E50973,N113642,86514501,1,17503E+11,976941M1,99201014 Massey Ferguson 16,Massey Ferguson [&hellip;]<\/p>\n","protected":false},"featured_media":0,"template":"","meta":{"_acf_changed":false},"product_brand":[],"product_cat":[373,378,374,387],"product_tag":[],"class_list":{"0":"post-35732","1":"product","2":"type-product","3":"status-publish","5":"product_cat-remenje","6":"product_cat-klinasti-kais","7":"product_cat-remenje-za-poljoprivredne-masine","8":"product_cat-klasicno-klinasto-remenje","9":"ts_product_brand-gates","11":"first","12":"instock","13":"taxable","14":"shipping-taxable","15":"product-type-simple","16":"add-to-wishlist-after_add_to_cart"},"acf":[],"_links":{"self":[{"href":"https:\/\/remenje.co.rs\/shop\/wp-json\/wp\/v2\/product\/35732","targetHints":{"allow":["GET"]}}],"collection":[{"href":"https:\/\/remenje.co.rs\/shop\/wp-json\/wp\/v2\/product"}],"about":[{"href":"https:\/\/remenje.co.rs\/shop\/wp-json\/wp\/v2\/types\/product"}],"wp:attachment":[{"href":"https:\/\/remenje.co.rs\/shop\/wp-json\/wp\/v2\/media?parent=35732"}],"wp:term":[{"taxonomy":"product_brand","embeddable":true,"href":"https:\/\/remenje.co.rs\/shop\/wp-json\/wp\/v2\/product_brand?post=35732"},{"taxonomy":"product_cat","embeddable":true,"href":"https:\/\/remenje.co.rs\/shop\/wp-json\/wp\/v2\/product_cat?post=35732"},{"taxonomy":"product_tag","embeddable":true,"href":"https:\/\/remenje.co.rs\/shop\/wp-json\/wp\/v2\/product_tag?post=35732"}],"curies":[{"name":"wp","href":"https:\/\/api.w.org\/{rel}","templated":true}]}}