{"id":35887,"date":"2024-09-13T15:05:30","date_gmt":"2024-09-13T15:05:30","guid":{"rendered":"https:\/\/remenje.co.rs\/shop\/proizvod\/remenjeremenje-za-poljoprivredne-strojeveklinasti-kaisklasicno-klinasto-remenje-356\/"},"modified":"2025-01-14T22:03:25","modified_gmt":"2025-01-14T22:03:25","slug":"remenjeremenje-za-poljoprivredne-masineklinasti-kaisklasicno-klinasto-remenje-426","status":"publish","type":"product","link":"https:\/\/remenje.co.rs\/shop\/proizvod\/remenjeremenje-za-poljoprivredne-masineklinasti-kaisklasicno-klinasto-remenje-426\/","title":{"rendered":"Gates Klinasti remen 0101151"},"content":{"rendered":"<p>Osigurajte optimalne performanse va\u0161ih ma\u0161ina uz Gates Klinasti remen 0101151. Ovo visokokvalitetno remenje je dizajnirano za preciznu sinhronizaciju u razli\u010ditim industrijskim aplikacijama. Izra\u0111eno od premium materijala, Gates Klinasti remen 0101151 pru\u017ea superiornu izdr\u017eljivost u zahtevnim radnim uslovima. Zahvaljuju\u0107i svom preciznoj izradi, ovo remenje pobolj\u0161ava efikasnost va\u0161ih ma\u0161ina i opreme. D-41930400,553406R1,639226.1,51651171930,20098592,4R634655A,B95.02241,0614226,1407982R1,639226.2,41930600,A52732,614225,D-41930600,1012455M1,41930400,105053,639226,41930300,2041024,D-41930300,340433271,71394979,71395108,B9502241 Braud 640,Braud 650 &#8211; 700,Braud 701 &#8211; 701 B,Braud 750 &#8211; 755 &#8211; 800 0101151,0101151,2041024,105053,1012455M1,0614226,639226.2,1407982R1,B95.02241,4R634655A,340433271,553406R1,51651171930,D-41930400,20098592,614225,639226.1,D-41930300,639226.0,B9502241,71395108,A52732,41930300,71394979,D-41930600,41930400,41930600,0101151,Gates Klinasti remen 0101151,2041024,105053,1012455M1,0614226,639226.2,1407982R1,B95.02241,4R634655A,340433271,553406R1,51651171930,D-41930400,20098592,614225,639226.1,D-41930300,639226.0,B9502241,71395108,A52732,41930300,71394979,D-41930600,41930400,41930600,0101151,Gates Klinasti remen 0101151,0101151<\/p>\n","protected":false},"excerpt":{"rendered":"<p>Osigurajte optimalne performanse va\u0161ih ma\u0161ina uz Gates Klinasti remen 0101151. Ovo visokokvalitetno remenje je dizajnirano za preciznu sinhronizaciju u razli\u010ditim industrijskim aplikacijama. Izra\u0111eno od premium materijala, Gates Klinasti remen 0101151 pru\u017ea superiornu izdr\u017eljivost u zahtevnim radnim uslovima. Zahvaljuju\u0107i svom preciznoj izradi, ovo remenje pobolj\u0161ava efikasnost va\u0161ih ma\u0161ina i opreme. D-41930400,553406R1,639226.1,51651171930,20098592,4R634655A,B95.02241,0614226,1407982R1,639226.2,41930600,A52732,614225,D-41930600,1012455M1,41930400,105053,639226,41930300,2041024,D-41930300,340433271,71394979,71395108,B9502241 Braud 640,Braud 650 &#8211; 700,Braud [&hellip;]<\/p>\n","protected":false},"featured_media":0,"template":"","meta":{"_acf_changed":false},"product_brand":[],"product_cat":[373,378,374,387],"product_tag":[],"class_list":{"0":"post-35887","1":"product","2":"type-product","3":"status-publish","5":"product_cat-remenje","6":"product_cat-klinasti-kais","7":"product_cat-remenje-za-poljoprivredne-masine","8":"product_cat-klasicno-klinasto-remenje","9":"ts_product_brand-gates","11":"first","12":"instock","13":"taxable","14":"shipping-taxable","15":"product-type-simple","16":"add-to-wishlist-after_add_to_cart"},"acf":[],"_links":{"self":[{"href":"https:\/\/remenje.co.rs\/shop\/wp-json\/wp\/v2\/product\/35887","targetHints":{"allow":["GET"]}}],"collection":[{"href":"https:\/\/remenje.co.rs\/shop\/wp-json\/wp\/v2\/product"}],"about":[{"href":"https:\/\/remenje.co.rs\/shop\/wp-json\/wp\/v2\/types\/product"}],"wp:attachment":[{"href":"https:\/\/remenje.co.rs\/shop\/wp-json\/wp\/v2\/media?parent=35887"}],"wp:term":[{"taxonomy":"product_brand","embeddable":true,"href":"https:\/\/remenje.co.rs\/shop\/wp-json\/wp\/v2\/product_brand?post=35887"},{"taxonomy":"product_cat","embeddable":true,"href":"https:\/\/remenje.co.rs\/shop\/wp-json\/wp\/v2\/product_cat?post=35887"},{"taxonomy":"product_tag","embeddable":true,"href":"https:\/\/remenje.co.rs\/shop\/wp-json\/wp\/v2\/product_tag?post=35887"}],"curies":[{"name":"wp","href":"https:\/\/api.w.org\/{rel}","templated":true}]}}