{"id":35893,"date":"2024-09-13T15:05:37","date_gmt":"2024-09-13T15:05:37","guid":{"rendered":"https:\/\/remenje.co.rs\/shop\/proizvod\/remenjeremenje-za-poljoprivredne-strojeveklinasti-kaisklasicno-klinasto-remenje-362\/"},"modified":"2025-01-14T22:03:30","modified_gmt":"2025-01-14T22:03:30","slug":"remenjeremenje-za-poljoprivredne-masineklinasti-kaisklasicno-klinasto-remenje-432","status":"publish","type":"product","link":"https:\/\/remenje.co.rs\/shop\/proizvod\/remenjeremenje-za-poljoprivredne-masineklinasti-kaisklasicno-klinasto-remenje-432\/","title":{"rendered":"Gates Klinasti remen 0101158"},"content":{"rendered":"<p>Osigurajte dugotrajnost va\u0161ih ma\u0161ina uz Gates Klinasti remen 0101158. Ovo izdr\u017eljivo remenje je dizajnirano za efikasan prenos velike snage u razli\u010ditim industrijskim aplikacijama. Izra\u0111eno od naprednih materijala, Gates Klinasti remen 0101158 pru\u017ea optimalnu fleksibilnost u zahtevnim radnim uslovima. Zahvaljuju\u0107i svom optimalnoj zateznoj \u010dvrsto\u0107i, ovo remenje pobolj\u0161ava efikasnost va\u0161ih ma\u0161ina i opreme. 9351.0232.00,709997,84056168,AE28944,AZ61391,9351.0231.00,848607,904034,89507997,233943,9507997,829356C1,84041377,D5420,53001655,217703C1,41931200,709997A,9351023100,9351023200,640091,9,9061E+11,E48310,D-41931200,222347M1 0101158,0101158,9351023200,9351.0232.00,829356C1,53001655,709997,9507997,E48310,233943.0,AZ61391,9351023100,222347M1,904034,41931200,848607,89507997,84056168,709997A,640091,9351.0231.00,AE28944,990610203205,D-41931200,217703C1,D5420,84041377,Gates Klinasti remen 0101158,0101158,9351023200,9351.0232.00,829356C1,53001655,709997,9507997,E48310,233943.0,AZ61391,9351023100,222347M1,904034,41931200,848607,89507997,84056168,709997A,640091,9351.0231.00,AE28944,990610203205,D-41931200,217703C1,D5420,84041377,0101158,Gates Klinasti remen 0101158,0101158<\/p>\n","protected":false},"excerpt":{"rendered":"<p>Osigurajte dugotrajnost va\u0161ih ma\u0161ina uz Gates Klinasti remen 0101158. Ovo izdr\u017eljivo remenje je dizajnirano za efikasan prenos velike snage u razli\u010ditim industrijskim aplikacijama. Izra\u0111eno od naprednih materijala, Gates Klinasti remen 0101158 pru\u017ea optimalnu fleksibilnost u zahtevnim radnim uslovima. Zahvaljuju\u0107i svom optimalnoj zateznoj \u010dvrsto\u0107i, ovo remenje pobolj\u0161ava efikasnost va\u0161ih ma\u0161ina i opreme. 9351.0232.00,709997,84056168,AE28944,AZ61391,9351.0231.00,848607,904034,89507997,233943,9507997,829356C1,84041377,D5420,53001655,217703C1,41931200,709997A,9351023100,9351023200,640091,9,9061E+11,E48310,D-41931200,222347M1 0101158,0101158,9351023200,9351.0232.00,829356C1,53001655,709997,9507997,E48310,233943.0,AZ61391,9351023100,222347M1,904034,41931200,848607,89507997,84056168,709997A,640091,9351.0231.00,AE28944,990610203205,D-41931200,217703C1,D5420,84041377,Gates Klinasti remen [&hellip;]<\/p>\n","protected":false},"featured_media":0,"template":"","meta":{"_acf_changed":false},"product_brand":[],"product_cat":[373,378,374,387],"product_tag":[],"class_list":{"0":"post-35893","1":"product","2":"type-product","3":"status-publish","5":"product_cat-remenje","6":"product_cat-klinasti-kais","7":"product_cat-remenje-za-poljoprivredne-masine","8":"product_cat-klasicno-klinasto-remenje","9":"ts_product_brand-gates","11":"first","12":"instock","13":"taxable","14":"shipping-taxable","15":"product-type-simple","16":"add-to-wishlist-after_add_to_cart"},"acf":[],"_links":{"self":[{"href":"https:\/\/remenje.co.rs\/shop\/wp-json\/wp\/v2\/product\/35893","targetHints":{"allow":["GET"]}}],"collection":[{"href":"https:\/\/remenje.co.rs\/shop\/wp-json\/wp\/v2\/product"}],"about":[{"href":"https:\/\/remenje.co.rs\/shop\/wp-json\/wp\/v2\/types\/product"}],"wp:attachment":[{"href":"https:\/\/remenje.co.rs\/shop\/wp-json\/wp\/v2\/media?parent=35893"}],"wp:term":[{"taxonomy":"product_brand","embeddable":true,"href":"https:\/\/remenje.co.rs\/shop\/wp-json\/wp\/v2\/product_brand?post=35893"},{"taxonomy":"product_cat","embeddable":true,"href":"https:\/\/remenje.co.rs\/shop\/wp-json\/wp\/v2\/product_cat?post=35893"},{"taxonomy":"product_tag","embeddable":true,"href":"https:\/\/remenje.co.rs\/shop\/wp-json\/wp\/v2\/product_tag?post=35893"}],"curies":[{"name":"wp","href":"https:\/\/api.w.org\/{rel}","templated":true}]}}