{"id":35945,"date":"2024-09-13T15:06:23","date_gmt":"2024-09-13T15:06:23","guid":{"rendered":"https:\/\/remenje.co.rs\/shop\/proizvod\/remenjeremenje-za-poljoprivredne-strojeveklinasti-kaisklasicno-klinasto-remenje-414\/"},"modified":"2025-01-14T22:04:13","modified_gmt":"2025-01-14T22:04:13","slug":"remenjeremenje-za-poljoprivredne-masineklinasti-kaisklasicno-klinasto-remenje-484","status":"publish","type":"product","link":"https:\/\/remenje.co.rs\/shop\/proizvod\/remenjeremenje-za-poljoprivredne-masineklinasti-kaisklasicno-klinasto-remenje-484\/","title":{"rendered":"Gates Klinasti remen 0101291"},"content":{"rendered":"<p>Unapredite ukupne performanse va\u0161ih sistema uz Gates Klinasti remen 0101291. Ovo visokotehnolo\u0161ko remenje obezbe\u0111uje efikasnu sinhronizaciju komponenti u \u0161irokom spektru industrijskih primena. Proizvedeno od inovativnih materijala, Gates Klinasti remen 0101291 garantuje minimalno istezanje. Zbog svog optimizovanog V-profila, ovo remenje je idealno za unapre\u0111enje rada va\u0161ih industrijskih sistema. 834254M1,41940700,80422006,824880C1,D-41940700,142416M1,9811710,Z22831 Massey Ferguson 550 0101291,0101291,80422006,Z22831,834254M1,D-41940700,824880C1,9811710,41940700,142416M1,0101291,Gates Klinasti remen 0101291,80422006,Z22831,834254M1,D-41940700,824880C1,9811710,41940700,142416M1,0101291,Gates Klinasti remen 0101291,0101291<\/p>\n","protected":false},"excerpt":{"rendered":"<p>Unapredite ukupne performanse va\u0161ih sistema uz Gates Klinasti remen 0101291. Ovo visokotehnolo\u0161ko remenje obezbe\u0111uje efikasnu sinhronizaciju komponenti u \u0161irokom spektru industrijskih primena. Proizvedeno od inovativnih materijala, Gates Klinasti remen 0101291 garantuje minimalno istezanje. Zbog svog optimizovanog V-profila, ovo remenje je idealno za unapre\u0111enje rada va\u0161ih industrijskih sistema. 834254M1,41940700,80422006,824880C1,D-41940700,142416M1,9811710,Z22831 Massey Ferguson 550 0101291,0101291,80422006,Z22831,834254M1,D-41940700,824880C1,9811710,41940700,142416M1,0101291,Gates Klinasti remen 0101291,80422006,Z22831,834254M1,D-41940700,824880C1,9811710,41940700,142416M1,0101291,Gates [&hellip;]<\/p>\n","protected":false},"featured_media":0,"template":"","meta":{"_acf_changed":false},"product_brand":[],"product_cat":[373,378,374,387],"product_tag":[],"class_list":{"0":"post-35945","1":"product","2":"type-product","3":"status-publish","5":"product_cat-remenje","6":"product_cat-klinasti-kais","7":"product_cat-remenje-za-poljoprivredne-masine","8":"product_cat-klasicno-klinasto-remenje","9":"ts_product_brand-gates","11":"first","12":"instock","13":"taxable","14":"shipping-taxable","15":"product-type-simple","16":"add-to-wishlist-after_add_to_cart"},"acf":[],"_links":{"self":[{"href":"https:\/\/remenje.co.rs\/shop\/wp-json\/wp\/v2\/product\/35945","targetHints":{"allow":["GET"]}}],"collection":[{"href":"https:\/\/remenje.co.rs\/shop\/wp-json\/wp\/v2\/product"}],"about":[{"href":"https:\/\/remenje.co.rs\/shop\/wp-json\/wp\/v2\/types\/product"}],"wp:attachment":[{"href":"https:\/\/remenje.co.rs\/shop\/wp-json\/wp\/v2\/media?parent=35945"}],"wp:term":[{"taxonomy":"product_brand","embeddable":true,"href":"https:\/\/remenje.co.rs\/shop\/wp-json\/wp\/v2\/product_brand?post=35945"},{"taxonomy":"product_cat","embeddable":true,"href":"https:\/\/remenje.co.rs\/shop\/wp-json\/wp\/v2\/product_cat?post=35945"},{"taxonomy":"product_tag","embeddable":true,"href":"https:\/\/remenje.co.rs\/shop\/wp-json\/wp\/v2\/product_tag?post=35945"}],"curies":[{"name":"wp","href":"https:\/\/api.w.org\/{rel}","templated":true}]}}