{"id":36017,"date":"2024-09-13T15:07:28","date_gmt":"2024-09-13T15:07:28","guid":{"rendered":"https:\/\/remenje.co.rs\/shop\/proizvod\/remenjeremenje-za-poljoprivredne-strojeveklinasti-kaisklasicno-klinasto-remenje-486\/"},"modified":"2025-01-30T08:40:08","modified_gmt":"2025-01-30T08:40:08","slug":"remenjeremenje-za-poljoprivredne-masineklinasti-kaisklasicno-klinasto-remenje-556","status":"publish","type":"product","link":"https:\/\/remenje.co.rs\/shop\/proizvod\/remenjeremenje-za-poljoprivredne-masineklinasti-kaisklasicno-klinasto-remenje-556\/","title":{"rendered":"Gates Klinasti remen 0102137"},"content":{"rendered":"<p>Pobolj\u0161ajte energetsku efikasnost va\u0161ih ma\u0161ina uz Gates Klinasti remen 0102137. Ovo specijalizovano remenje omogu\u0107ava precizan prenos velike snage u svim radnim uslovima. Kreirano od tehnolo\u0161ki naprednih materijala, Gates Klinasti remen 0102137 obezbe\u0111uje izuzetnu izdr\u017eljivost. Zahvaljuju\u0107i svom preciznoj kalibraciji, ovo remenje produ\u017eava vek trajanja va\u0161ih industrijskih sistema. 22X14X1800LP,340433413,GXA20597,N111527,422725,80422725,Z25473,340433414,179878,673690.1,Z21400 John Deere 950 &#8211; 960 &#8211; 970 0102137,0102137,Z25473,340433413,80422725,22X14X1800LP,Z21400,673690.1,340433414,422725,N111527,GXA20597,179878,0102137,Gates Klinasti remen 0102137,Z25473,340433413,80422725,22X14X1800LP,Z21400,673690.1,340433414,422725,N111527,GXA20597,179878,0102137,Gates Klinasti remen 0102137,0102137<\/p>\n","protected":false},"excerpt":{"rendered":"<p>Pobolj\u0161ajte energetsku efikasnost va\u0161ih ma\u0161ina uz Gates Klinasti remen 0102137. Ovo specijalizovano remenje omogu\u0107ava precizan prenos velike snage u svim radnim uslovima. Kreirano od tehnolo\u0161ki naprednih materijala, Gates Klinasti remen 0102137 obezbe\u0111uje izuzetnu izdr\u017eljivost. Zahvaljuju\u0107i svom preciznoj kalibraciji, ovo remenje produ\u017eava vek trajanja va\u0161ih industrijskih sistema. 22X14X1800LP,340433413,GXA20597,N111527,422725,80422725,Z25473,340433414,179878,673690.1,Z21400 John Deere 950 &#8211; 960 &#8211; 970 0102137,0102137,Z25473,340433413,80422725,22X14X1800LP,Z21400,673690.1,340433414,422725,N111527,GXA20597,179878,0102137,Gates [&hellip;]<\/p>\n","protected":false},"featured_media":92158,"template":"","meta":{"_acf_changed":false},"product_brand":[],"product_cat":[373,378,374,387],"product_tag":[],"class_list":{"0":"post-36017","1":"product","2":"type-product","3":"status-publish","4":"has-post-thumbnail","6":"product_cat-remenje","7":"product_cat-klinasti-kais","8":"product_cat-remenje-za-poljoprivredne-masine","9":"product_cat-klasicno-klinasto-remenje","10":"ts_product_brand-gates","12":"first","13":"instock","14":"taxable","15":"shipping-taxable","16":"product-type-simple","17":"add-to-wishlist-after_add_to_cart"},"acf":[],"_links":{"self":[{"href":"https:\/\/remenje.co.rs\/shop\/wp-json\/wp\/v2\/product\/36017","targetHints":{"allow":["GET"]}}],"collection":[{"href":"https:\/\/remenje.co.rs\/shop\/wp-json\/wp\/v2\/product"}],"about":[{"href":"https:\/\/remenje.co.rs\/shop\/wp-json\/wp\/v2\/types\/product"}],"wp:featuredmedia":[{"embeddable":true,"href":"https:\/\/remenje.co.rs\/shop\/wp-json\/wp\/v2\/media\/92158"}],"wp:attachment":[{"href":"https:\/\/remenje.co.rs\/shop\/wp-json\/wp\/v2\/media?parent=36017"}],"wp:term":[{"taxonomy":"product_brand","embeddable":true,"href":"https:\/\/remenje.co.rs\/shop\/wp-json\/wp\/v2\/product_brand?post=36017"},{"taxonomy":"product_cat","embeddable":true,"href":"https:\/\/remenje.co.rs\/shop\/wp-json\/wp\/v2\/product_cat?post=36017"},{"taxonomy":"product_tag","embeddable":true,"href":"https:\/\/remenje.co.rs\/shop\/wp-json\/wp\/v2\/product_tag?post=36017"}],"curies":[{"name":"wp","href":"https:\/\/api.w.org\/{rel}","templated":true}]}}