{"id":36021,"date":"2024-09-13T15:07:33","date_gmt":"2024-09-13T15:07:33","guid":{"rendered":"https:\/\/remenje.co.rs\/shop\/proizvod\/remenjeremenje-za-poljoprivredne-strojeveklinasti-kaisklasicno-klinasto-remenje-490\/"},"modified":"2025-01-14T22:05:14","modified_gmt":"2025-01-14T22:05:14","slug":"remenjeremenje-za-poljoprivredne-masineklinasti-kaisklasicno-klinasto-remenje-560","status":"publish","type":"product","link":"https:\/\/remenje.co.rs\/shop\/proizvod\/remenjeremenje-za-poljoprivredne-masineklinasti-kaisklasicno-klinasto-remenje-560\/","title":{"rendered":"Gates Klinasti remen 0102148"},"content":{"rendered":"<p>Unapredite ukupne performanse va\u0161ih sistema uz Gates Klinasti remen 0102148. Ovo visokotehnolo\u0161ko remenje obezbe\u0111uje smanjenje gubitaka energije u \u0161irokom spektru industrijskih primena. Proizvedeno od inovativnih materijala, Gates Klinasti remen 0102148 garantuje dugotrajne performanse. Zbog svog optimizovanog V-profila, ovo remenje je idealno za optimizaciju rada va\u0161ih industrijskih sistema. AC72,340433417,621104,80621104,41952200,CP72,577900,D-41952200,D-41981900,743794,A-C72,41981900 Laverda 3350 (Ex M 112),Laverda 3350 (Ex Al 112),Laverda 3450 (Ex Al 132),Laverda M 112,Laverda M 112 Al,Laverda M 132,Laverda M 150,Laverda M 152 0102148,0102148,A-C72,41952200,621104,743794,D-41952200,577900,CP72,D-41981900,AC72,80621104,41981900,340433417,0102148,Gates Klinasti remen 0102148,A-C72,41952200,621104,743794,D-41952200,577900,CP72,D-41981900,AC72,80621104,41981900,340433417,0102148,Gates Klinasti remen 0102148,0102148<\/p>\n","protected":false},"excerpt":{"rendered":"<p>Unapredite ukupne performanse va\u0161ih sistema uz Gates Klinasti remen 0102148. Ovo visokotehnolo\u0161ko remenje obezbe\u0111uje smanjenje gubitaka energije u \u0161irokom spektru industrijskih primena. Proizvedeno od inovativnih materijala, Gates Klinasti remen 0102148 garantuje dugotrajne performanse. Zbog svog optimizovanog V-profila, ovo remenje je idealno za optimizaciju rada va\u0161ih industrijskih sistema. AC72,340433417,621104,80621104,41952200,CP72,577900,D-41952200,D-41981900,743794,A-C72,41981900 Laverda 3350 (Ex M 112),Laverda 3350 (Ex [&hellip;]<\/p>\n","protected":false},"featured_media":0,"template":"","meta":{"_acf_changed":false},"product_brand":[],"product_cat":[373,378,374,387],"product_tag":[],"class_list":{"0":"post-36021","1":"product","2":"type-product","3":"status-publish","5":"product_cat-remenje","6":"product_cat-klinasti-kais","7":"product_cat-remenje-za-poljoprivredne-masine","8":"product_cat-klasicno-klinasto-remenje","9":"ts_product_brand-gates","11":"first","12":"instock","13":"taxable","14":"shipping-taxable","15":"product-type-simple","16":"add-to-wishlist-after_add_to_cart"},"acf":[],"_links":{"self":[{"href":"https:\/\/remenje.co.rs\/shop\/wp-json\/wp\/v2\/product\/36021","targetHints":{"allow":["GET"]}}],"collection":[{"href":"https:\/\/remenje.co.rs\/shop\/wp-json\/wp\/v2\/product"}],"about":[{"href":"https:\/\/remenje.co.rs\/shop\/wp-json\/wp\/v2\/types\/product"}],"wp:attachment":[{"href":"https:\/\/remenje.co.rs\/shop\/wp-json\/wp\/v2\/media?parent=36021"}],"wp:term":[{"taxonomy":"product_brand","embeddable":true,"href":"https:\/\/remenje.co.rs\/shop\/wp-json\/wp\/v2\/product_brand?post=36021"},{"taxonomy":"product_cat","embeddable":true,"href":"https:\/\/remenje.co.rs\/shop\/wp-json\/wp\/v2\/product_cat?post=36021"},{"taxonomy":"product_tag","embeddable":true,"href":"https:\/\/remenje.co.rs\/shop\/wp-json\/wp\/v2\/product_tag?post=36021"}],"curies":[{"name":"wp","href":"https:\/\/api.w.org\/{rel}","templated":true}]}}