{"id":36061,"date":"2024-09-13T15:08:10","date_gmt":"2024-09-13T15:08:10","guid":{"rendered":"https:\/\/remenje.co.rs\/shop\/proizvod\/remenjeremenje-za-poljoprivredne-strojeveklinasti-kaisklasicno-klinasto-remenje-530\/"},"modified":"2025-01-30T08:40:21","modified_gmt":"2025-01-30T08:40:21","slug":"remenjeremenje-za-poljoprivredne-masineklinasti-kaisklasicno-klinasto-remenje-600","status":"publish","type":"product","link":"https:\/\/remenje.co.rs\/shop\/proizvod\/remenjeremenje-za-poljoprivredne-masineklinasti-kaisklasicno-klinasto-remenje-600\/","title":{"rendered":"Gates Klinasti remen 0102216"},"content":{"rendered":"<p>Unapredite efikasnost prenosa va\u0161ih sistema uz Gates Klinasti remen 0102216. Ovo precizno izra\u0111eno remenje obezbe\u0111uje smanjenje gubitaka energije u \u0161irokom spektru industrijskih primena. Proizvedeno od vrhunskih materijala, Gates Klinasti remen 0102216 garantuje pouzdanost u ekstremnim uslovima. Zbog svog superiorne prilagodljivosti, ovo remenje je klju\u010dno za odr\u017eavanje rada va\u0161ih industrijskih sistema. 101110,13616405,89638606,320059,89838606,125045,80247782,191305C1A,9838606,D-41984100,1141882,80320059,E63031,247782,80230059,191305C1,210775M1,0114 1882,230059,41984100,666390R1,51651222800 Case Intl. Harvester 80,Case Intl. Harvester 85,Case Intl. Harvester 715,Case Intl. Harvester 820,Case Intl. Harvester 1400 &#8211; Us Edition (\u201a\u00c4\u00b6 &#8211; 20715),Case Intl. Harvester 1400 &#8211; Us Edition (20715 &#8211; \u201a\u00c4\u00b6) &#8211; 1440E,Case Intl. Harvester 1460 &#8211; Us Edition (23247 &#8211; \u201a\u00c4\u00b6),Case Intl. Harvester 1460 &#8211; Us Edition (23250 &#8211; \u201a\u00c4\u00b6) &#8211; 1460E,Case Intl. Harvester 1640 (Engine Dt436B),Case Intl. Harvester 1640 (Engine Nce),Case Intl. Harvester 1644,Case Intl. Harvester 1660 (Engine Dt466B),Case Intl. Harvester 1660 (Engine Nce),Case Intl. Harvester 1666,Case Intl. Harvester 2166 0102216,0102216,1141882,9838606,D-41984100,0114 1882,80247782,230059,101110,191305C1A,E63031,210775M1,13616405,89638606,89838606,320059,666390R1,191305C1,41984100,80320059,247782,51651222800,125045,80230059,0102216,Gates Klinasti remen 0102216,1141882,9838606,D-41984100,0114 1882,80247782,230059,101110,191305C1A,E63031,210775M1,13616405,89638606,89838606,320059,666390R1,191305C1,41984100,80320059,247782,51651222800,125045,80230059,0102216,Gates Klinasti remen 0102216,0102216<\/p>\n","protected":false},"excerpt":{"rendered":"<p>Unapredite efikasnost prenosa va\u0161ih sistema uz Gates Klinasti remen 0102216. Ovo precizno izra\u0111eno remenje obezbe\u0111uje smanjenje gubitaka energije u \u0161irokom spektru industrijskih primena. Proizvedeno od vrhunskih materijala, Gates Klinasti remen 0102216 garantuje pouzdanost u ekstremnim uslovima. Zbog svog superiorne prilagodljivosti, ovo remenje je klju\u010dno za odr\u017eavanje rada va\u0161ih industrijskih sistema. 101110,13616405,89638606,320059,89838606,125045,80247782,191305C1A,9838606,D-41984100,1141882,80320059,E63031,247782,80230059,191305C1,210775M1,0114 1882,230059,41984100,666390R1,51651222800 Case Intl. Harvester [&hellip;]<\/p>\n","protected":false},"featured_media":92070,"template":"","meta":{"_acf_changed":false},"product_brand":[],"product_cat":[373,378,374,387],"product_tag":[],"class_list":{"0":"post-36061","1":"product","2":"type-product","3":"status-publish","4":"has-post-thumbnail","6":"product_cat-remenje","7":"product_cat-klinasti-kais","8":"product_cat-remenje-za-poljoprivredne-masine","9":"product_cat-klasicno-klinasto-remenje","10":"ts_product_brand-gates","12":"first","13":"instock","14":"taxable","15":"shipping-taxable","16":"product-type-simple","17":"add-to-wishlist-after_add_to_cart"},"acf":[],"_links":{"self":[{"href":"https:\/\/remenje.co.rs\/shop\/wp-json\/wp\/v2\/product\/36061","targetHints":{"allow":["GET"]}}],"collection":[{"href":"https:\/\/remenje.co.rs\/shop\/wp-json\/wp\/v2\/product"}],"about":[{"href":"https:\/\/remenje.co.rs\/shop\/wp-json\/wp\/v2\/types\/product"}],"wp:featuredmedia":[{"embeddable":true,"href":"https:\/\/remenje.co.rs\/shop\/wp-json\/wp\/v2\/media\/92070"}],"wp:attachment":[{"href":"https:\/\/remenje.co.rs\/shop\/wp-json\/wp\/v2\/media?parent=36061"}],"wp:term":[{"taxonomy":"product_brand","embeddable":true,"href":"https:\/\/remenje.co.rs\/shop\/wp-json\/wp\/v2\/product_brand?post=36061"},{"taxonomy":"product_cat","embeddable":true,"href":"https:\/\/remenje.co.rs\/shop\/wp-json\/wp\/v2\/product_cat?post=36061"},{"taxonomy":"product_tag","embeddable":true,"href":"https:\/\/remenje.co.rs\/shop\/wp-json\/wp\/v2\/product_tag?post=36061"}],"curies":[{"name":"wp","href":"https:\/\/api.w.org\/{rel}","templated":true}]}}