{"id":36237,"date":"2024-09-13T15:11:17","date_gmt":"2024-09-13T15:11:17","guid":{"rendered":"https:\/\/remenje.co.rs\/shop\/proizvod\/remenjeremenje-za-poljoprivredne-strojeveklinasti-kaisklasicno-klinasto-remenje-706\/"},"modified":"2025-01-14T22:08:15","modified_gmt":"2025-01-14T22:08:15","slug":"remenjeremenje-za-poljoprivredne-masineklinasti-kaisklasicno-klinasto-remenje-776","status":"publish","type":"product","link":"https:\/\/remenje.co.rs\/shop\/proizvod\/remenjeremenje-za-poljoprivredne-masineklinasti-kaisklasicno-klinasto-remenje-776\/","title":{"rendered":"Gates Klinasti remen 0105236"},"content":{"rendered":"<p>Unapredite pouzdanost rada va\u0161ih sistema uz Gates Klinasti remen 0105236. Ovo precizno izra\u0111eno remenje obezbe\u0111uje optimalan prenos velike snage u \u0161irokom spektru industrijskih primena. Proizvedeno od vrhunskih materijala, Gates Klinasti remen 0105236 garantuje dugotrajne performanse. Zbog svog superiorne prilagodljivosti, ovo remenje je idealno za optimizaciju rada va\u0161ih industrijskih sistema. 41990068,D-41990068 Dronningborg D 8400 &#8211; D 8700,Massey Ferguson Mf 30 &#8211; Mf 32 0105236,0105236,D-41990068,41990068,0105236,Gates Klinasti remen 0105236,D-41990068,41990068,0105236,Gates Klinasti remen 0105236,0105236<\/p>\n","protected":false},"excerpt":{"rendered":"<p>Unapredite pouzdanost rada va\u0161ih sistema uz Gates Klinasti remen 0105236. Ovo precizno izra\u0111eno remenje obezbe\u0111uje optimalan prenos velike snage u \u0161irokom spektru industrijskih primena. Proizvedeno od vrhunskih materijala, Gates Klinasti remen 0105236 garantuje dugotrajne performanse. Zbog svog superiorne prilagodljivosti, ovo remenje je idealno za optimizaciju rada va\u0161ih industrijskih sistema. 41990068,D-41990068 Dronningborg D 8400 &#8211; D [&hellip;]<\/p>\n","protected":false},"featured_media":0,"template":"","meta":{"_acf_changed":false},"product_brand":[],"product_cat":[373,378,374,387],"product_tag":[],"class_list":{"0":"post-36237","1":"product","2":"type-product","3":"status-publish","5":"product_cat-remenje","6":"product_cat-klinasti-kais","7":"product_cat-remenje-za-poljoprivredne-masine","8":"product_cat-klasicno-klinasto-remenje","9":"ts_product_brand-gates","11":"first","12":"instock","13":"taxable","14":"shipping-taxable","15":"product-type-simple","16":"add-to-wishlist-after_add_to_cart"},"acf":[],"_links":{"self":[{"href":"https:\/\/remenje.co.rs\/shop\/wp-json\/wp\/v2\/product\/36237","targetHints":{"allow":["GET"]}}],"collection":[{"href":"https:\/\/remenje.co.rs\/shop\/wp-json\/wp\/v2\/product"}],"about":[{"href":"https:\/\/remenje.co.rs\/shop\/wp-json\/wp\/v2\/types\/product"}],"wp:attachment":[{"href":"https:\/\/remenje.co.rs\/shop\/wp-json\/wp\/v2\/media?parent=36237"}],"wp:term":[{"taxonomy":"product_brand","embeddable":true,"href":"https:\/\/remenje.co.rs\/shop\/wp-json\/wp\/v2\/product_brand?post=36237"},{"taxonomy":"product_cat","embeddable":true,"href":"https:\/\/remenje.co.rs\/shop\/wp-json\/wp\/v2\/product_cat?post=36237"},{"taxonomy":"product_tag","embeddable":true,"href":"https:\/\/remenje.co.rs\/shop\/wp-json\/wp\/v2\/product_tag?post=36237"}],"curies":[{"name":"wp","href":"https:\/\/api.w.org\/{rel}","templated":true}]}}